True
Is 345203801 composite?
True
Is 349359183269 a composite number?
False
Is 1293135479 composite?
False
Is 57643355053 a composite number?
True
Is 32972890259 a composite number?
True
Is 1023931999 a prime number?
False
Is 1058927678 a composite number?
True
Is 130695448145 a composite number?
True
Is 143004545129 composite?
True
Is 312450163 composite?
True
Is 4054491893 a composite number?
True
Is 1469158049 prime?
True
Is 4013514847 composite?
False
Is 6697502187 composite?
True
Is 200182559 prime?
True
Is 6770434799 composite?
False
Is 88063667 composite?
False
Is 2141523817 a composite number?
True
Is 2480700361 a composite number?
False
Is 1351100566417 prime?
False
Is 522315251 a composite number?
True
Is 8856757241 a composite number?
True
Is 517818269 a composite number?
False
Is 46487777309 prime?
True
Is 23515374461 prime?
True
Is 870216481 prime?
False
Is 7012266134 a prime number?
False
Is 47175969107 composite?
True
Is 167389543 prime?
True
Is 37167997 prime?
True
Is 488583850531 a prime number?
False
Is 158654264699 composite?
True
Is 1086048841 a composite number?
False
Is 1373577923 a prime number?
True
Is 133707162385 a prime number?
False
Is 2990473203 a composite number?
True
Is 61903134749 a prime number?
False
Is 1672704669 prime?
False
Is 6021024461 a composite number?
False
Is 5158763891 a prime number?
False
Is 167614783199 a composite number?
True
Is 53093459 composite?
False
Is 473490481 a composite number?
False
Is 54539739453 a composite number?
True
Is 27995742767 prime?
False
Is 465363109 a composite number?
True
Is 5608788589 a prime number?
True
Is 13234747 prime?
True
Is 42638315579 a prime number?
True
Is 507086906 a composite number?
True
Is 526010143 composite?
False
Is 1289319391 composite?
True
Is 1555012969 a prime number?
True
Is 991971811 a composite number?
True
Is 2733642259 composite?
True
Is 3498319061 prime?
False
Is 2954055179 composite?
True
Is 341480519 a prime number?
False
Is 989187601 a composite number?
True
Is 7374385801 a prime number?
False
Is 14117423377 prime?
False
Is 290872970507 a composite number?
True
Is 1673179097 composite?
True
Is 1794259627 prime?
False
Is 16247417117 a composite number?
False
Is 106572443 a composite number?
False
Is 1560448189 a composite number?
False
Is 75812981647 composite?
True
Is 2435945291 a composite number?
True
Is 6082983553 prime?
True
Is 13279079179 a prime number?
False
Is 19096084697 composite?
True
Is 14317452251 composite?
False
Is 193316399 a prime number?
True
Is 2640057499 a prime number?
False
Is 716636521 prime?
True
Is 1168342039 composite?
True
Is 220743227 a prime number?
False
Is 38787654901 a prime number?
True
Is 6600917693 composite?
False
Is 10087819 a composite number?
True
Is 1543342793 a composite number?
True
Is 303605873 a prime number?
False
Is 1988345453 prime?
True
Is 4127010847 a composite number?
False
Is 128467479163 a composite number?
True
Is 134887230503 composite?
False
Is 6453306383 prime?
True
Is 9781194653 composite?
True
Is 15147966979 a composite number?
False
Is 21132098551 a composite number?
True
Is 9254917543 prime?
True
Is 15477771191 composite?
True
Is 262462004159 a prime number?
True
Is 1685590219 composite?
False
Is 89205026759 composite?
False
Is 40419922853 a prime number?
True
Is 2660854349 prime?
False
Is 503480443 a composite number?
True
Is 87805857443 composite?
False
Is 2050485187 prime?
False
Is 318963227 a prime number?
False
Is 37197431 a composite number?
False
Is 1558723454 composite?
True
Is 15051172603 a composite number?
False
Is 1271078119 prime?
True
Is 5264639117 a prime number?
False
Is 14551842709 a prime number?
False
Is 14815700639 a prime number?
False
Is 3029530531 a composite number?
False
Is 56699736563 a prime number?
True
Is 147953546735 composite?
True
Is 2059884443 a prime number?
True
Is 170763256711 prime?
False
Is 46606813453 prime?
True
Is 18550461687 prime?
False
Is 19854663467 composite?
True
Is 4904452571 a composite number?
True
Is 143114735773 a composite number?
True
Is 701343053 composite?
True
Is 1368986323 prime?
True
Is 6362449961 prime?
False
Is 215798929739 a prime number?
True
Is 235057327 composite?
True
Is 16259463917 prime?
True
Is 2633752621 a prime number?
False
Is 40380564439 a composite number?
True
Is 189982879 a composite number?
True
Is 44448707 a composite number?
False
Is 53180735003 prime?
False
Is 7461274441 a prime number?
True
Is 2468316373 a prime number?
False
Is 75434320783 prime?
True
Is 3827799329 a composite number?
False
Is 128606291059 composite?
True
Is 474340819 prime?
False
Is 1915388933 a prime number?
False
Is 1272033773 composite?
True
Is 2336098049 composite?
False
Is 512031913 composite?
True
Is 582996109 composite?
False
Is 76713282851 composite?
False
Is 4485780703 a prime number?
True
Is 27909817271 composite?
True
Is 2010244394 a composite number?
True
Is 292634623 composite?
True
Is 5316405187 composite?
False
Is 293000573 a prime number?
False
Is 152728358603 composite?
False
Is 38687983 composite?
True
Is 6511738749 a prime number?
False
Is 58569833467 a prime number?
True
Is 154819867 a prime number?
False
Is 6168405659 prime?
False
Is 7410464567 prime?
False
Is 382901377 a prime number?
True
Is 34183486727 a composite number?
True
Is 44790367 a composite number?
True
Is 1645813049 a composite number?
False
Is 56469547739 a composite number?
True
Is 207298703 composite?
False
Is 12193452347 a composite number?
True
Is 1229020687 prime?
False
Is 65608619 a prime number?
True
Is 102648059 a composite number?
False
Is 117414989 a composite number?
True
Is 8186285441 composite?
True
Is 1010790113 prime?
True
Is 246848317889 prime?
False
Is 5941150342 a composite number?
True
Is 11878734607 a prime number?
True
Is 314109952729 composite?
True
Is 446963857 a prime number?
True
Is 1191199411 prime?
False
Is 2890259495 a composite number?
True
Is 18467122477 a composite number?
True
Is 9005210689 a prime number?
True
Is 25427317381 prime?
False
Is 61427407 a composite number?
False
Is 2302662979 a composite number?
True
Is 491148761 composite?
False
Is 31704389553 a composite number?
True
Is 3014274239 a prime number?
False
Is 15933139217 a prime number?
True
Is 118103230667 composite?
False
Is 2351605573 composite?
False
Is 238584191 prime?
True
Is 26023445983 a prime number?
True
Is 114173843 composite?
True
Is 77484038053 prime?
True
Is 1153313831 a prime number?
False
Is 3135716321 a composite number?
True
Is 3404115737 composite?
True
Is 961278371 a composite number?
True
Is 1259473945 prime?
False
Is 117965495203 prime?
True
Is 104404789 a prime number?
True
Is 1535855201 a composite number?
False
Is 8063933329 a prime number?
True
Is 3497528699 composite?
True
Is 731084845 prime?
False
Is 1578155357 a composite number?
True
Is 4276193503 a prime number?
False
Is 3705361181 prime?
True
Is 139656449362 prime?
False
Is 4157207227 composite?
False
Is 22686588143 a composite number?
False
Is 13046332279 a prime number?
True
Is 535258931 a composite number?
False
Is 29335736065 prime?
False
Is 3372587873 composite?
True
Is 9273332821 prime?
True
Is 2579565971 prime?
False
Is 35388907 prime?
True
Is 38863193711 composite?
False
Is 363840349 a prime number?
True
Is 1154986633 composite?
True
Is 2690358889 prime?
True
Is 39321024497 composite?
True
Is 19865453215 prime?
False
Is 10275481613 prime?
True
Is 311719357 composite?
True
Is 666641117 prime?
True
Is 84933739 a composite number?
True
Is 80348797 composite?
True
Is 29911039723 composite?
True
Is 38940834511 composite?
True
Is 9070243877 prime?
False
Is 5950106339 composite?
False
Is 25459197187 a prime number?
True
Is 35709818509 prime?
False
Is 14262321407 a prime number?
False
Is 19642835677 a prime number?
True
Is 61253962969 a composite number?
False
Is 15695477143 prime?
False
Is 411094721 a prime number?
False
Is 1334821699 composite?
False
Is 2108936707 composite?
True
Is 8024388851 a prime number?
True
Is 2137551101 a prime number?
False
Is 2057695333 a composite number?
False
Is 2378787655 prime?
False
Is 26539446697 a composite number?
True
Is 8426007713 a prime number?
False
Is 3989782319 composite?
False
Is 825769199 a prime number?
True
Is 7416690